e -2*w = -4*d + 36, -3*d + 15 = v*w - 1. Calculate the greatest common factor of d and 12.
4
Let g(l) = -2*l + 6. Let r be g(3). Let q be 4 - (0 - (-1 - r)). Suppose 3 = q*o - 6. Calculate the greatest common factor of 2 and o.
1
Suppose -4*c - 3*k - 20 = -6*c, -5*c + 84 = k. Let x be 1840/(-69)*(-6)/(-4)*-4. What is the greatest common factor of x and c?
16
Let t(w) = -487*w + 2044. Let k be t(0). What is the highest common divisor of k and 84?
28
Let q = -5 + 140. Suppose 5*c = -193*o + 189*o + 381, c - 57 = -4*o. What is the highest common divisor of c and q?
27
Let m(q) = q**2 - 2*q - 16. Let i be m(-3). Let a be 24/(-6) - i - -472. Calculate the greatest common factor of a and 7.
7
Let y(n) = -47*n**2 + 1599*n - 4. Let s be y(34). What is the greatest common divisor of 22640 and s?
10
Let u be 312/(-117)*((-9618)/8)/7. Let m be (6/(-3) + -3)*-1. Suppose -m*d = -u - 222. What is the highest common divisor of d and 17?
17
Suppose 0 = -25*b + 30*b - 2*g - 2608, 0 = -3*b + 4*g + 1576. Suppose 12*r - b = 2*r. What is the highest common divisor of r and 728?
52
Let k be 98/(-2) - ((-5 - -8) + -5). Let a = k - -49. Suppose -349 - 81 = -4*t + a*h, 5 = -h. Calculate the greatest common divisor of 30 and t.
15
Let w = 1604 + -1338. What is the highest common divisor of w and 322?
14
Let c be (-490)/(-25) + (-4)/(-10). Suppose -15775 = 2*y - 5*i, 5*i - 16 = -1. Let s be 2/(-12) + (y/(-48) - 4). Calculate the highest common factor of s and c.
20
Suppose -41*q + 16*q = -2650. Suppose -9*y - 3205 + 19423 = 0. Calculate the highest common factor of q and y.
106
Let z = 1610 + -2284. Let d = z + 979. What is the highest common factor of 10 and d?
5
Let m be (-9)/15 - (-41551)/185. Calculate the greatest common divisor of m and 72.
8
Suppose -4*t + 5*k = -1218, 4*t - 254 = 2*k + 958. Suppose -4*q + 3*q = t. Let o = -38 - q. Calculate the greatest common divisor of 33 and o.
33
Suppose 0 = -3*a - 3*j + 588, 153*j - 149*j + 440 = 2*a. What is the greatest common factor of 3672 and a?
204
Suppose 5*k + 31 = 4*x, 965*x - 962*x + 4*k = 62. Suppose b - 631 = -10*a + 5*a, -16 = 4*b. Let l = a + -57. Calculate the greatest common divisor of l and x.
14
Let u = -49 - -75. Suppose 39*g = 30*g + 2106. Calculate the highest common divisor of g and u.
26
Let a be (-2094)/(-2443)*(-602)/(-6). What is the highest common factor of 2150 and a?
86
Let d be 462/56 + 1/(-4). Suppose -5*h = 20 - 5. Let g = 5 + h. Calculate the greatest common divisor of d and g.
2
Suppose 8*w - 5*w = 69. Suppose 629 = -6*h + w*h. What is the highest common factor of h and 407?
37
Suppose 158*l = 159*l - 160. Let p = 320 + -240. What is the greatest common factor of l and p?
80
Let j(f) = 16*f**2 + f + 2. Let r be j(-2). Let b be -2 + (-4)/(-8)*r. What is the highest common divisor of 24 and b?
6
Suppose -5*t - 80 = -2*l, 0 = -190*l + 194*l + 2*t - 184. What is the greatest common divisor of l and 85?
5
Suppose 0 = -2*j + 5*m + 113, -4*j + 8 = 3*m - 257. What is the highest common divisor of 1136 and j?
16
Suppose -75*f + 80*f - 9640 = 4*m, 2*f - m = 3859. Calculate the greatest common factor of 18 and f.
6
Suppose 386 = 3*x - 19. Suppose -k - 2*b = 2*k + 47, 70 = -5*k - 5*b. Let z(m) = 4*m + 103. Let f be z(k). What is the greatest common factor of f and x?
27
Let c(f) = -17 + 5*f**2 + 1 - 29*f - 12*f**2 + 6*f**2. Let d be c(-28). Calculate the greatest common divisor of 348 and d.
12
Suppose 2840 = -136*t + 156*t. Calculate the greatest common factor of t and 8.
2
Let x = 9510 + -6903. Calculate the highest common divisor of x and 33.
33
Let w(j) = -16*j**3 - 3*j**2 - 2*j + 14. Let t be w(-3). What is the highest common factor of 85 and t?
85
Let f(v) = 96*v**2 + v - 1. Let m be f(1). Let a be 6/((-72)/28)*3. Let k be a/((-21)/(-18)) - -12. Calculate the greatest common divisor of k and m.
6
Let j be ((-26607)/362)/((-1)/20). What is the greatest common divisor of 30 and j?
30
Let h(i) = 4*i + 3. Let r(a) = -a**2 - 3*a - 4. Let d(p) = 5*h(p) + 4*r(p). Let o be d(6). Let k = o + 130. What is the greatest common divisor of k and 11?
11
Let o = 67 + -17. Let i = -634 - -674. Suppose 2*p - 24 = 2*d, -4*d - i = -5*p - 9*d. What is the highest common factor of p and o?
10
Let n = -5 + 3. Let b be (0 - 1) + (n - -7). Let a be ((-650)/(-39) + 10)*18/24. Calculate the highest common factor of a and b.
4
Let w(z) = 4*z**2 + 2*z**2 - 2 + 0*z**2 + 17*z + 2. Suppose -2*y - 5 = 3. Let g be w(y). Calculate the greatest common divisor of g and 56.
28
Let b be (-46)/4*(34 - 46 - 8). What is the greatest common factor of b and 6026?
46
Suppose 33355 = -2*k + 79*k - 15309. Calculate the highest common factor of 64 and k.
8
Suppose 27 = 6*w - w - 3*o, -3*w = 5*o + 11. Let n be (w - -1) + 291 + (-4)/(-2). Calculate the greatest common divisor of n and 33.
33
Let w = 253 + -221. Let p be (-4 + w + -5)*1. Calculate the highest common divisor of 391 and p.
23
Suppose 7*h + 91 = 301. What is the highest common factor of h and 16?
2
Let g(a) = 0 - a**3 + 10*a + 3*a**2 + 3*a**2 + 4 + 3*a**2. Let y be g(10). What is the highest common divisor of y and 6?
2
Suppose d - 4*d = 2*t + 80, 2*d - t = -58. Let b(m) = -12*m - 228. Let o be b(d). Let y(q) = 6*q. Let i be y(1). What is the highest common factor of o and i?
6
Let n(j) = -3*j**3 - 14*j**2 + 19*j - 14. Let y be n(-7). Calculate the highest common factor of y and 98.
98
Let c be 2/6 - 16/(-6). Suppose 2*j = -c*j + 50. Suppose 20*r = -5*b + 2193 - 863, 0 = -4*r - 4*b + 224. Calculate the greatest common divisor of j and r.
10
Suppose -5*i + 2*o + 34 = 0, -2 = 5*i - 5*o - 42. Suppose 0 = -162*j + 152*j + 540. What is the highest common divisor of j and i?
6
Suppose l - 426 = 9*v, 1770 = -0*l + 4*l - 3*v. Calculate the greatest common divisor of 1628 and l.
148
Let a(u) = 315*u - 7539. Let b be a(24). What is the highest common factor of 43743 and b?
21
Let b = 2686 + -2614. Calculate the greatest common factor of b and 15012.
36
Let h = 124 + -25. Suppose 0 = -3*n + 9, l = 2*l - 2*n + 3. Let a be (-1*(l - 1))/(4/(-18)). Calculate the highest common divisor of a and h.
9
Let o be 45/6*(-370)/(-15). Suppose 3*i = -5*j + o, -4*i - 3*j = -2*i - 122. Let b be 2 - 6/9*-30. What is the greatest common factor of i and b?
11
Suppose -1163 = 625*w - 666*w - 97. What is the highest common divisor of w and 60?
2
Suppose 0 = 9*q - 633 + 237. Calculate the highest common factor of 2750 and q.
22
Let p be -1*5 - (3 + 8). Let k be (-9)/(-24) - 1034/p. Let j(l) = -l + 26. Let x be j(0). Calculate the greatest common divisor of x and k.
13
Suppose -669 = -m - 3*z, -3*m - 263 = -4*z - 2309. Let b = m + -579. What is the highest common factor of b and 9?
9
Suppose 348 = -4*k + 2*u - 130, 4*k - 3*u = -483. Suppose -62*s - 10082 = -3448. Let g = s - k. Calculate the greatest common divisor of 250 and g.
10
Let z be -21 - (-882)/(-11 - -32). Suppose 68 = 3*w + 4*r, -5*w - 5*r + 35 = -85. What is the greatest common factor of z and w?
7
Let z be -9*10/75*(-25)/15. Suppose -w - w + a + 1917 = 0, z*w - 1923 = -a. Calculate the highest common divisor of 60 and w.
60
Let x be (-6)/((-60)/430) + 11. What is the highest common factor of x and 84?
6
Let k be (-9)/3*(19/(-3) + -1). Suppose -k*z = -18*z - 96. What is the highest common divisor of 16 and z?
8
Let h(c) be the second derivative of -31*c**3/6 + 195*c**2/2 + 6*c + 6. Let a be h(5). Calculate the highest common divisor of 104 and a.
8
Suppose 5*s + 389 = k, k - s - 316 = 69. Suppose 396*a = k*a + 2280. What is the highest common factor of 304 and a?
38
Let y be (5 - 2 - (0 - -3))*1. Let v be 7 + (4 - 0 - 8). Suppose 5*n - x - 80 = -y*n, -v*x = n - 16. What is the highest common divisor of 40 and n?
8
Suppose 2*i - 206 = -0*i - f, 0 = -i + 5*f + 114. Suppose -9*w + 1560 = 2*w - w. Calculate the highest common divisor of i and w.
52
Let n(w) = -9*w + 48. Let v be n(4). Let y be (840/63)/((v/(-9))/(-4)). Calculate the greatest common divisor of 40 and y.
40
Suppose 2 = -5*a + 77. Suppose 27*w - 3811 = 3479. Calculate the greatest common divisor of a and w.
15
Let m(y) = y**2 + 4*y - 7. Let f be m(-8). Let z = f + -8. Suppose z*o + 90 = 20*o. What is the highest common factor of o and 15?
15
Let m = -300 + 317. Suppose 2*u = 62 + 482. What